
Let m = -10196 - -17029. List the prime factors of m.
6833
Suppose -3*z = x + 6, 16 = 5*x + 2*z + 59. Let d(w) = -12*w - 22. What are the prime factors of d(x)?
2, 43
Suppose -4*k = 4*d - 164, -3*k = 2*d + k - 76. Suppose 2773 = 16*w + 69. Let c = w - d. List the prime factors of c.
5
Suppose -c - 241 = -3*z, c + 207 + 33 = 4*z. Let w = c - -333. What are the prime factors of w?
89
Suppose 45 = 13*y - 8*y. Suppose -14*s + 1150 = -y*s + 4*j, -3*j = 4*s - 919. List the prime factors of s.
2, 113
Let r be -3 + -3 - (-5 + 2 + -1). What are the prime factors of (3*54)/(r/(-14))?
2, 3, 7
Suppose -14*b = -29*b + 315. Suppose 12112 = -13*n + b*n. What are the prime factors of n?
2, 757
List the prime factors of 5543 + (-11)/(187/170).
11, 503
Let h(g) be the third derivative of -97*g**4/24 + 5*g**3/6 + 10*g**2. Let k be h(-1). What are the prime factors of -1 + (k - 12/3)?
97
List the prime factors of 7/2 - (-255)/(-170) - -1935.
13, 149
Let d(p) be the third derivative of 11*p**5/60 - 5*p**4/24 - 7*p**3/3 - 23*p**2 - 2*p. List the prime factors of d(-5).
2, 11, 13
Let i(d) = 3*d**2 + 65*d + 27. Let x(o) = 7*o - 144. Let c be x(17). List the prime factors of i(c).
277
Let w be (4 + 0 + 3)/((-2)/(-462)). Suppose 5*q - 5531 = -5*h + 2564, 3*h - w = -q. What are the prime factors of q?
2, 3, 5
Let k(f) = -2*f**2 - 2*f + 6. Let r be k(5). Suppose -1140 = -6*u + 16*u. Let v = r - u. List the prime factors of v.
2, 3, 5
Suppose 15 = -f - 7*z + 5*z, 5*z = -2*f - 33. Suppose 3 = 3*d, 3*x + 0*d - 2*d - 268 = 0. Let l = f + x. What are the prime factors of l?
3
Let v(m) = 3*m**2 - 12*m. Let w be v(-11). Suppose -345 = -3*d + w. Suppose d = -0*r + 5*r - 5*y, 0 = 3*r + y - 172. What are the prime factors of r?
3, 19
Let d = 195 - 191. Suppose 3*f + 4*h - 974 = 0, d*f + 198 = -2*h + 1500. List the prime factors of f.
2, 163
Let w be (-38)/(-12) + (-3)/18. Suppose 0 = -2*s + s - 2*t + 31, w*s - 5*t = 38. Suppose 17*i + 480 = s*i. What are the prime factors of i?
2, 3, 5
Suppose 17152 = n - 4*a, n = 1024*a - 1023*a + 17134. What are the prime factors of n?
2, 2141
Let u(m) = m**3 - 2*m**2 - 5*m + 5. Let a(b) = b**2 + 3*b - 13. Let p be a(-6). List the prime factors of u(p).
5, 11
Suppose 0 = 8*x - 3*x - 5*z - 25080, 3*z = 3. What are the prime factors of x?
29, 173
Let t = -10391 + 67420. What are the prime factors of t?
7, 8147
Suppose -6*d + 144971 = l, 2*d + 5*l = -d + 72508. What are the prime factors of d?
37, 653
Let y(w) = 381*w**3 - 3*w**2 - 3*w - 1. Let f be y(-1). Let g = 1139 + f. List the prime factors of g.
757
Let a(u) = 1066*u**2 + 207*u + 10. List the prime factors of a(-5).
5, 41
Let b = 4873 + -3349. What are the prime factors of b?
2, 3, 127
Let l(q) = 7*q - 7 - 10*q - 2*q. Let b be l(-5). Suppose 228 - b = 5*a. List the prime factors of a.
2, 3, 7
Let w(r) = -5074*r + 1343. What are the prime factors of w(-7)?
3, 11, 1117
Let q(r) = -r**3 - 18*r**2 + 28*r + 37. Let l be q(-21). Suppose -3*c - 3*o + 497 = -664, 3*o = -2*c + l. What are the prime factors of c?
389
Suppose 602 = -26*m + 28*m. Suppose 291*v = m*v - 8270. List the prime factors of v.
827
Let z(u) = -19*u + 15. Let l be z(6). Let b = 143 + l. Suppose -7 = -s + b. List the prime factors of s.
3, 17
Suppose -56*k = 6*k - 5*k - 1310886. List the prime factors of k.
2, 3, 3833
Let l(h) = -95*h**3 - 4*h**2 + 7*h + 3. Let i(q) = 94*q**3 + 4*q**2 - 6*q - 3. Let f(r) = -6*i(r) - 5*l(r). List the prime factors of f(-2).
17, 41
Let g be 4/(-3)*(-720)/32. What are the prime factors of (4 - -1)*(174/g - -3)?
2, 11
Suppose 252642 = 40*d - 37398. What are the prime factors of d?
3, 2417
Suppose 0 = 5*u - 4*d - 175021, 2*u - 5*d + 12780 - 82768 = 0. List the prime factors of u.
13, 2693
Let z be 11 + -12 - (-1)/1. Suppose -3*d + 3*h - 1419 = z, d - 4*h + 473 = -0*h. Let b = d + 763. List the prime factors of b.
2, 5, 29
Let b(m) = 671*m**3 - 3*m**2 - 59*m + 201. What are the prime factors of b(4)?
3, 7, 13, 157
Suppose 2*g - 4*g = -734. Suppose 19 = 4*d - p, -2*d - 1 = -3*d + 4*p. Suppose -d*q = 2*o - o - g, -o = -q + 77. List the prime factors of q.
2, 37
Let w = -105 + 111. Let x = w - 3. What are the prime factors of (-118)/(-1) + (-5)/(-15)*x?
7, 17
Suppose -4*r + 10 = -11*w + 14*w, -r = 5*w - 11. What are the prime factors of ((-45672)/(-54))/r + (-10)/(-45)?
2, 3, 47
Suppose 4*m + 26*m = -540. Let r = 1164 + m. What are the prime factors of r?
2, 3, 191
Let i(n) = -9057*n - 18982. What are the prime factors of i(-9)?
7, 8933
Let g(i) = 8*i + 9*i + 11*i - 25*i + 3*i - 18. Let w(q) = -q**3 + 4*q**2 + 3*q - 1. Let d be w(4). List the prime factors of g(d).
2, 3
Let o(n) be the third derivative of -n**6/120 - 7*n**5/60 + n**4/24 - n**3 + 3*n**2. Let t be o(5). Let l = -168 - t. What are the prime factors of l?
7, 19
Suppose 7*u + 88100 = 43*u - 683596. List the prime factors of u.
2, 23, 233
Let i(y) = 21689*y**2 - 40*y + 41. List the prime factors of i(1).
2, 3, 5, 241
Suppose 3*m - 34473 = 15*p - 12*p, -5*p = m - 11479. List the prime factors of m.
11489
Let t = -418 + 435. Suppose 24*r = t*r + 5299. List the prime factors of r.
757
Suppose 2*o = -2*g + 23722, 5*o = 4*g - 1077 - 46403. List the prime factors of g.
3, 5, 7, 113
Let i(y) = -y**3 + 9*y**2 - 2*y + 20. Let g be i(6). Suppose -11 + g = -15*w. Let f(n) = -n**3 - 5*n**2 - 4*n + 13. What are the prime factors of f(w)?
139
Suppose -9 = 4*s - 5. Let v be (7705/69)/(s/(-3)). Suppose -267 - v = -7*c. What are the prime factors of c?
2, 43
Let v(b) = 69*b - 1. Let s(k) = 69*k. Let g(q) = -6*s(q) + 7*v(q). List the prime factors of g(8).
5, 109
What are the prime factors of (9241/6)/(20/120)?
9241
Suppose -a - 4*o + 20131 = 0, -3*o - 45667 - 34933 = -4*a. List the prime factors of a.
20147
Let u(x) = 4*x**3 - 12*x**2 - 76*x + 470. List the prime factors of u(13).
2, 3121
Let u(z) = -z**2 - 10*z + 4. Let w be u(-10). Let q(j) = -j**3 + 5*j**2 - 9*j - 4. Let x be q(w). Let f = x - -46. List the prime factors of f.
2, 11
List the prime factors of 3841 + 46/(-460) + 78/(-20).
3, 1279
Let q = 3335 - 740. Let p be (2/(-10))/((-3)/q). Suppose -5*u + 102 + p = 5*o, 5*u = -4*o + 217. List the prime factors of o.
2, 29
Suppose -4*i - 4*x + 12 = -x, 3*i - 5*x = 9. Let c(y) = -1 - i*y + 93*y**2 + 40*y**2 + y. What are the prime factors of c(-1)?
2, 67
Let q = 21101 + -8804. List the prime factors of q.
3, 4099
Let r(w) = 3*w**3 + 28*w**2 + 26*w - 124. What are the prime factors of r(12)?
2, 2351
Let f = -3967 - -8524. Suppose 0 = 11*n - f + 1202. List the prime factors of n.
5, 61
Suppose -p - 109 = 2*o, -2*o - 188 = 5*p + 373. Let d = 135 + p. What are the prime factors of d?
2, 11
Suppose 2*m - 71 = 459. Suppose m = 2*q + 4*p - 601, 0 = 3*q - p - 1313. List the prime factors of q.
19, 23
Suppose 965 = 4*p + 265. Let v = 124 + p. What are the prime factors of v?
13, 23
Suppose 71669 - 222647 - 37716 = -22*y. What are the prime factors of y?
3, 953
Let y(j) = j**2 - 6*j - 8*j - j - 7 + 4*j. Let r be y(13). Suppose -h = 3*v - 9, h - 4 = 5*v - r. List the prime factors of v.
3
Let s = -16 + 28. Suppose 59 = -5*b - 3*w, 3*w - s = 4*b + 19. What are the prime factors of (-17)/6*(4 + b)?
17
Suppose 0 = 5*b + b - 66. Suppose 4*k = 1 + b. List the prime factors of ((-6)/4)/(k/(-112)).
2, 7
Let m = 135 - 67. Let k = m - 73. List the prime factors of (k*3)/(3/(-9)).
3, 5
Let z(l) be the first derivative of 14*l**2 - 35*l**2 + 2 + 10*l**2 - 5*l. List the prime factors of z(-3).
61
Let f = -1407 + 7646. Suppose 0 = -13*a - 4*a + f. What are the prime factors of a?
367
Suppose h = -2*z + 2981, 4*z + 1230 = h - 1757. Suppose -4*v + h = 7*x - 2*x, 0 = -2*x - 3*v + 1196. What are the prime factors of x?
5, 7, 17
Let y be 3/(6/14)*10075/(-25). Let p = 4051 + y. List the prime factors of p.
2, 3, 5, 41
Let h be ((-3780)/16)/(2/(40/(-5))). Suppose h = 7*z - 2639. What are the prime factors of z?
2
Let n = -783 - -769. List the prime factors of 234*5 - 84/n.
2, 3, 7
Let w = -1169 - -5008. What are the prime factors of w?
11, 349
Suppose 5*c = -2*u + 14144, 466 = c - 3*u - 2356. Suppose c = -14*p + 18*p. What are the prime factors of p?
7, 101
Suppose 5*l = -18659 + 105998 + 172346. List the prime factors of l.
167, 311
Let h(a) = -a**3 + 7*a**2 - 8*a + 53. Let g be h(7